st common divisor of 481911727 and 517.
517
What is the greatest common divisor of 1829159 and 633?
211
What is the greatest common factor of 240 and 3250190?
10
What is the highest common divisor of 290 and 5724310?
290
What is the greatest common divisor of 1392 and 1805352?
24
What is the highest common factor of 1801835 and 70?
35
Calculate the greatest common divisor of 1815 and 235257.
33
Calculate the highest common divisor of 593424 and 19638.
18
What is the greatest common factor of 375 and 7379925?
75
Calculate the greatest common factor of 6357779 and 34.
17
Calculate the greatest common divisor of 75723399 and 81.
9
Calculate the greatest common factor of 1621369734 and 6.
6
Calculate the highest common factor of 267761 and 1645696.
559
Calculate the highest common divisor of 331768415 and 178.
89
Calculate the greatest common factor of 6094600 and 911400.
6200
What is the greatest common factor of 59057 and 526549?
73
What is the highest common factor of 52212667 and 63167?
1469
Calculate the greatest common divisor of 235 and 10249445.
5
What is the greatest common factor of 6184 and 113969574?
1546
What is the greatest common factor of 741 and 938259634?
247
What is the greatest common divisor of 73812618 and 396?
198
Calculate the highest common divisor of 20412540 and 243.
27
Calculate the highest common divisor of 216 and 31740363.
27
Calculate the highest common factor of 775 and 9712765.
155
Calculate the greatest common divisor of 239327003 and 9452.
2363
Calculate the greatest common factor of 19062 and 3548232.
54
What is the greatest common divisor of 32 and 730069232?
16
Calculate the greatest common divisor of 48950 and 22339.
89
What is the highest common factor of 4297471 and 1529117?
7247
Calculate the greatest common factor of 1317441 and 13549.
797
Calculate the greatest common factor of 23122236 and 24.
12
What is the highest common factor of 2280 and 54420?
60
What is the highest common divisor of 182784 and 42245?
119
What is the highest common divisor of 50397 and 241152?
471
What is the highest common factor of 2889268 and 6?
2
Calculate the greatest common factor of 1372 and 67810904.
196
Calculate the greatest common factor of 672 and 384851712.
672
Calculate the highest common factor of 1053021 and 1992.
249
Calculate the highest common divisor of 270 and 98020455.
15
Calculate the highest common divisor of 18446 and 186866.
802
What is the highest common divisor of 6841211 and 39?
13
What is the highest common divisor of 9610245 and 778?
389
Calculate the greatest common factor of 490180 and 13070.
10
Calculate the greatest common divisor of 648 and 110482488.
216
Calculate the greatest common factor of 4146840 and 19080.
360
What is the greatest common factor of 59600 and 6060575?
3725
What is the highest common factor of 58118895 and 495?
45
Calculate the highest common factor of 73393 and 88619.
23
What is the greatest common divisor of 54816 and 426?
6
Calculate the highest common factor of 1990537 and 4753.
97
Calculate the highest common divisor of 2780 and 68844476.
556
What is the greatest common divisor of 2208 and 8008600?
184
Calculate the greatest common factor of 375072 and 2208.
96
Calculate the highest common divisor of 282111188 and 78358.
11194
Calculate the greatest common factor of 1665378 and 68562.
234
What is the greatest common factor of 1497 and 7939589?
499
Calculate the greatest common factor of 10270504 and 343864.
6488
Calculate the highest common factor of 1670 and 3060.
10
What is the highest common divisor of 873 and 11559393?
873
What is the highest common factor of 12928 and 799360?
128
What is the highest common divisor of 8297605 and 1390?
695
What is the greatest common factor of 6564 and 759846999?
1641
Calculate the greatest common divisor of 80 and 551415.
5
What is the greatest common divisor of 393 and 255319?
131
What is the greatest common factor of 9373 and 59371?
13
Calculate the greatest common divisor of 153 and 5707053.
153
What is the highest common factor of 148857 and 28790997?
5133
What is the greatest common factor of 1280 and 2503800?
40
Calculate the greatest common divisor of 3082962 and 13206.
426
What is the greatest common divisor of 156418 and 96074?
794
Calculate the highest common divisor of 20760 and 460526.
346
Calculate the greatest common factor of 14825 and 90175.
25
What is the greatest common factor of 31772844 and 69552?
2484
Calculate the highest common factor of 886219 and 453.
151
What is the greatest common divisor of 123646 and 323179?
293
What is the greatest common factor of 2000607 and 357?
21
What is the greatest common factor of 1646 and 16972729?
823
What is the highest common factor of 336 and 5189408?
112
What is the highest common divisor of 106091544 and 3120?
312
What is the greatest common divisor of 42650 and 800?
50
What is the greatest common factor of 2980 and 2126140?
20
What is the highest common factor of 1912717 and 1912?
239
What is the greatest common divisor of 9706 and 1623386?
46
What is the highest common factor of 101053 and 9558596?
727
Calculate the highest common divisor of 313982928 and 8.
8
Calculate the highest common factor of 428884 and 2804.
4
Calculate the highest common factor of 1179871 and 672023.
2189
What is the greatest common divisor of 139 and 5817011?
139
Calculate the greatest common factor of 182 and 2867102.
14
Calculate the greatest common divisor of 39227 and 19.
1
What is the greatest common factor of 198 and 960454?
22
What is the highest common factor of 6273 and 1112166?
369
Calculate the highest common factor of 867892954 and 5458.
5458
Calculate the highest common divisor of 13202035 and 2650.
265
What is the highest common factor of 7106190 and 133266?
798
Calculate the greatest common divisor of 21068311 and 146.
73
What is the highest common factor of 180861 and 12949431?
1083
Calculate the greatest common divisor of 18287399 and 24921.
923
Calculate the highest common divisor of 5634386 and 202.
202
What is the highest common divisor of 117 and 118210209?
39
Calculate the greatest common factor of 406 and 658980.
14
What is the greatest common factor of 40184 and 450894618?
10046
What is the greatest common factor of 21509 and 590196?
137
Calculate the highest common factor of 31018806 and 8190.
1638
Calculate the highest common factor of 433010 and 196175.
95
What is the highest common factor of 1340190 and 3330?
90
Calculate the greatest common divisor of 16 and 777989864.
8
What is the highest common factor of 6 and 367552?
2
What is the greatest common factor of 9 and 45250182?
9
Calculate the highest common factor of 266006769 and 17.
17
Calculate the greatest common divisor of 1236 and 2880292.
412
Calculate the greatest common divisor of 14645 and 65177825.
505
What is the highest common factor of 6632659 and 90079?
4741
What is the greatest common divisor of 28 and 85781794?
14
What is the highest common divisor of 274776 and 38734?
214
Calculate the greatest common divisor of 96319 and 438962.
1579
Calculate the highest common divisor of 1969524 and 2952.
36
What is the greatest common divisor of 3832 and 7767943?
479
What is the highest common divisor of 28033860 and 3480?
60
What is the highest common factor of 48 and 188158224?
48
Calculate the highest common divisor of 400 and 38891075.
25
What is the highest common divisor of 663 and 751935?
3
What is the greatest common factor of 286100 and 845?
5
What is the greatest common factor of 2721378 and 11506?
22
Calculate the highest common factor of 4023624 and 286.
22
Calculate the greatest common divisor of 1735 and 4563397.
347
What is the greatest common divisor of 78078 and 2051049?
3003
Calculate the highest common divisor of 1335705 and 245.
35
What is the highest common factor of 1555644 and 40812?
228
Calculate the highest common factor of 8385857 and 400901.
4133
What is the highest common divisor of 119415714 and 132?
66
Calculate the greatest common divisor of 522 and 3566594.
58
Calculate the greatest common factor of 327362 and 308736.
134
Calculate the highest common divisor of 13778990 and 7990.
470
What is the greatest common divisor of 456134 and 6293?
217
What is the highest common divis